dreds digit of 5857594145?
1
What is the ten thousands digit of 980111006?
1
What is the hundreds digit of 28909020?
0
What is the units digit of 45190330?
0
What is the units digit of 805881878?
8
What is the hundred millions digit of 4794301304?
7
What is the tens digit of 3420135040?
4
What is the millions digit of 2145903513?
5
What is the millions digit of 217517001?
7
What is the hundred thousands digit of 48511027?
5
What is the hundred millions digit of 219211001?
2
What is the thousands digit of 3760786?
0
What is the hundred thousands digit of 75117545?
1
What is the ten millions digit of 515410960?
1
What is the millions digit of 93617982?
3
What is the ten millions digit of 627169880?
2
What is the thousands digit of 16458458?
8
What is the tens digit of 46921916?
1
What is the units digit of 35352617?
7
What is the hundreds digit of 4319076?
0
What is the tens digit of 20332957?
5
What is the tens digit of 2482161977?
7
What is the units digit of 223955297?
7
What is the units digit of 1076045948?
8
What is the ten thousands digit of 923450093?
5
What is the tens digit of 1270098?
9
What is the billions digit of 1809505524?
1
What is the hundred millions digit of 390952156?
3
What is the tens digit of 254614860?
6
What is the millions digit of 45571668?
5
What is the hundred thousands digit of 2363669969?
6
What is the hundreds digit of 128941647?
6
What is the thousands digit of 785538895?
8
What is the ten thousands digit of 2101543921?
4
What is the units digit of 74284651?
1
What is the hundred thousands digit of 217722535?
7
What is the thousands digit of 161260565?
0
What is the thousands digit of 170483650?
3
What is the hundreds digit of 95290689?
6
What is the ten millions digit of 71919524?
7
What is the ten thousands digit of 422281727?
8
What is the hundred thousands digit of 56235517?
2
What is the ten millions digit of 19808891?
1
What is the tens digit of 243815593?
9
What is the ten millions digit of 33635579?
3
What is the hundred thousands digit of 2421448219?
4
What is the millions digit of 225479782?
5
What is the millions digit of 14363177?
4
What is the ten millions digit of 19926594?
1
What is the thousands digit of 690539066?
9
What is the millions digit of 571699035?
1
What is the units digit of 604776386?
6
What is the millions digit of 194000818?
4
What is the millions digit of 235012580?
5
What is the hundred thousands digit of 3244425180?
4
What is the hundreds digit of 69307938?
9
What is the hundred thousands digit of 224750775?
7
What is the units digit of 625313289?
9
What is the thousands digit of 6015655739?
5
What is the millions digit of 49842489?
9
What is the ten millions digit of 78111369?
7
What is the millions digit of 11450483?
1
What is the units digit of 927751724?
4
What is the ten millions digit of 4197227256?
9
What is the hundred thousands digit of 1086394570?
3
What is the ten millions digit of 358243655?
5
What is the ten thousands digit of 1062442334?
4
What is the hundreds digit of 2183328757?
7
What is the hundreds digit of 475914213?
2
What is the thousands digit of 356250365?
0
What is the millions digit of 347473436?
7
What is the hundred thousands digit of 27960136?
9
What is the hundreds digit of 53283666?
6
What is the tens digit of 6134987?
8
What is the hundreds digit of 21241959?
9
What is the ten thousands digit of 1257041179?
4
What is the thousands digit of 883728662?
8
What is the millions digit of 50727847?
0
What is the millions digit of 5581800432?
1
What is the tens digit of 299172617?
1
What is the thousands digit of 5458546770?
6
What is the units digit of 21502427?
7
What is the thousands digit of 285452254?
2
What is the ten millions digit of 4353612361?
5
What is the millions digit of 16063669?
6
What is the millions digit of 1621412784?
1
What is the tens digit of 147229465?
6
What is the tens digit of 396065898?
9
What is the hundred millions digit of 731737309?
7
What is the tens digit of 53609377?
7
What is the tens digit of 252101325?
2
What is the hundred thousands digit of 12761727?
7
What is the hundreds digit of 47956508?
5
What is the ten millions digit of 6914602470?
1
What is the hundreds digit of 124711036?
0
What is the hundred thousands digit of 84797459?
7
What is the ten millions digit of 5250369843?
5
What is the millions digit of 1838400351?
8
What is the ten millions digit of 68206417?
6
What is the hundreds digit of 3598295575?
5
What is the thousands digit of 15844528?
4
What is the units digit of 148818450?
0
What is the hundred thousands digit of 278541999?
5
What is the millions digit of 2866856012?
6
What is the millions digit of 1965581335?
5
What is the hundred millions digit of 325239156?
3
What is the thousands digit of 1050004714?
4
What is the millions digit of 2824976452?
4
What is the units digit of 253202226?
6
What is the hundred thousands digit of 597449888?
4
What is the hundred thousands digit of 7695297?
6
What is the hundred thousands digit of 81932699?
9
What is the billions digit of 2544842099?
2
What is the ten thousands digit of 867190674?
9
What is the tens digit of 16963368?
6
What is the units digit of 580151718?
8
What is the thousands digit of 180755261?
5
What is the tens digit of 21538817?
1
What is the ten thousands digit of 68272766?
7
What is the millions digit of 1436504448?
6
What is the units digit of 257527033?
3
What is the units digit of 3017175792?
2
What is the tens digit of 714010885?
8
What is the thousands digit of 30734277?
4
What is the ten thousands digit of 61294128?
9
What is the hundreds digit of 495522518?
5
What is the hundred thousands digit of 1828245808?
2
What is the ten thousands digit of 135754141?
5
What is the units digit of 749482850?
0
What is the tens digit of 29431028?
2
What is the hundred millions digit of 3296187087?
2
What is the units digit of 14456628?
8
What is the hundred millions digit of 1120576557?
1
What is the ten millions digit of 107523985?
0
What is the hundred thousands digit of 49069219?
0
What is the ten thousands digit of 110445750?
4
What is the thousands digit of 487168712?
8
What is the hundred thousands digit of 71596594?
5
What is the units digit of 174549107?
7
What is the tens digit of 11256840?
4
What is the tens digit of 154062314?
1
What is the ten thousands digit of 27877446?
7
What is the hundred thousands digit of 30328754?
3
What is the units digit of 129407349?
9
What is the hundreds digit of 56481662?
6
What is the tens digit of 59825988?
8
What is the hundred thousands digit of 51935848?
9
What is the thousands digit of 119801581?
1
What is the hundred millions digit of 1968389947?
9
What is the hundred thousands digit of 208469819?
4
What is the hundreds digit of 165796113?
1
What is the hundreds digit of 642251431?
4
What is the hundreds digit of 1398364260?
2
What is the millions digit of 93168616?
3
What is the ten thousands digit of 297374503?
7
What is the thousands digit of 864685349?
5
What is the millions digit of 43513449?
3
What is the tens digit of 522362009?
0
What is the ten millions digit of 39002775?
3
What is the thousands digit of 1595065609?
5
What is the thousands digit of 97664192?
4
What is the thousands digit of 447218603?
8
What is the ten thousands digit of 224026143?
2
What is the units digit of 86102484?
4
What is the hundred thousands digit of 95238304?
2
What is the hundred thousands digit of 704012958?
0
What is the ten millions digit of 644524944?
4
What is the hundred millions digit of 5063730057?
0
What is the hundred millions digit of 767503011?
7
What is the ten millions digit of 204446315?
0
What is the ten millions digit of 237723464?
3
What is the millions digit of 12242693?
2
What is the tens digit of 34780991?
9
What is the hundred thousands digit of 145446340?
4
What is the hundred millions digit of 188503499?
1
What is the ten millions digit of 220199675?
2
What is the hundred thousands digit of 151821469?
8
What is the thousands digit of 41619884?
9
What is the tens digit of 252488515?
1
What is the tens digit of 651668024?
2
What is the tens digit of 410226936?
3
What is the hundred thousands digit of 2917907162?
9
What is the hundred millions digit of 466346833?
4
What is the ten thousa